ppose 2*j = -5*i + b + 5, -4*j + 74 = 5*i. List the prime factors of j.
3, 7
Let c = 5 + -3. Suppose 6*n = n - 2*t + 26, -t = -c*n + 14. List the prime factors of n.
2, 3
Suppose 0*o = -o. Suppose a = -o*a + 8. What are the prime factors of a?
2
Let d(o) = o**2 + 2*o - 1. Let u be d(4). Let g(j) = -7*j. Let n be g(2). Let h = u + n. List the prime factors of h.
3
Suppose 2*o - 18 = -o. Let d = 11 - 3. Let f = d - o. List the prime factors of f.
2
Suppose -3*m - n = 11, 0 = 3*m + m - 4*n + 36. Let r = m + 8. What are the prime factors of 0 - -6 - (r - 4)?
7
What are the prime factors of 56 + -8 + (-1 - 2)?
3, 5
Suppose -4 = -n - 2*s + s, -2*s = -2. Suppose -2*j - 8 = m - 4*m, -4*m - 2*j + 6 = 0. What are the prime factors of ((-1)/m)/(n/(-48))?
2
Suppose -289 = -7*w + 26. What are the prime factors of w?
3, 5
Suppose -4*y = -7*y + 159. List the prime factors of y.
53
Suppose v + 23 = 218. List the prime factors of v.
3, 5, 13
Let t = 6 + -4. Suppose 2*m - 3*o = m + 9, 0 = m + t*o + 1. List the prime factors of m.
3
Let p(d) = 2*d**2 - 4*d - 5. What are the prime factors of p(6)?
43
Suppose 6 = -n + 8. Let j be (9/6)/(3/8). Suppose -3 = -c + j*b, -5*c + n*b - 5*b + 38 = 0. What are the prime factors of c?
7
Let a be (1 + 3)/(0 + 1). Let j = a - 0. Suppose -27 = -q - 3*p, j*p + 4 = -0*q + 2*q. What are the prime factors of q?
2, 3
Suppose -4*r + 12 + 3 = 5*n, -4*r = 0. Suppose n*h - 32 = 10. What are the prime factors of h?
2, 7
Suppose -2*g + 19 = 5*i, g + 2*i + 2*i = 14. Suppose 3*q - 72 = -5*d - 20, 4*q - g*d - 104 = 0. Suppose -3*m + 12 = -q. List the prime factors of m.
2, 3
Let u(m) = 3*m**2 + m + 5. Let o be u(-4). Suppose p = -3*w - o, -w - 2*w + 2*p - 46 = 0. Let c = w - -26. List the prime factors of c.
2, 5
Let h = 2 - -2. Suppose 0 = 2*p + h - 18. Suppose p + 1 = 2*n. List the prime factors of n.
2
Let n(p) = p + 5. Let l be n(-5). Suppose 2*a + 3*a - 30 = l. List the prime factors of a.
2, 3
Suppose 6*s - 4*s = 2. Let y(q) = -q. Let t be y(-2). Suppose -t*m + s = -15. What are the prime factors of m?
2
Let i(g) = -6*g**3 + g**2 + g + 5. Let d(m) = m. Let x be d(-5). Let y(r) = -r**3 - r**2 + r + 1. Let t(w) = x*y(w) + i(w). List the prime factors of t(5).
5
Let l(t) = -2*t**3 + 2*t**2 + 2*t + 1. Let d = -3 + -1. Let j = 3 + d. What are the prime factors of l(j)?
3
Let v(c) = c**3 - 6*c**2 + 4*c + 3. What are the prime factors of v(6)?
3
Suppose 5*t - f = 28, t = f + 2 + 2. List the prime factors of (4/(-5))/(t/(-75)).
2, 5
Suppose 3*d - 5*m - 173 = 0, 2*d - 220 = -2*d + 4*m. What are the prime factors of d?
3, 17
Let f(i) = -4*i + 11. Let m be f(-11). Suppose m = -4*c + 5*b + 155, 0 = -b - 4. What are the prime factors of c?
2, 5
Suppose 3*i = 2*i + 20. Suppose 4*a - 116 + i = 0. What are the prime factors of a?
2, 3
Let w = -22 - 14. Suppose -d - 25 = -0*d. Let f = d - w. List the prime factors of f.
11
Let d(m) = m**2 - 4*m - 7. Let l be d(6). Let z be (-1)/(0 + (-2)/4). Suppose 2*k + z*k = 5*h - 25, -l*k + 16 = -h. What are the prime factors of h?
3
Suppose -4*q = -52 - 28. What are the prime factors of q?
2, 5
Suppose 0 = -3*z - z. Suppose 5*f - 43 - 92 = 4*x, -x - 5 = z. Let y = f + -11. What are the prime factors of y?
2, 3
Suppose 5*f + 21 - 1 = 0, -2*f + 3 = v. What are the prime factors of v?
11
Let v(m) = -3*m - 1. What are the prime factors of v(-1)?
2
Let m(r) be the third derivative of r**4/24 + 10*r**3/3 + 3*r**2. List the prime factors of m(-9).
11
Suppose 2*k - 8 = 0, 31 = -5*a - 4*k + 532. List the prime factors of a.
97
Suppose -n = -4*n + 24. Let w = n - 6. Suppose -w*b - 2*s = -24, 4*s = -2*b + 9 + 21. List the prime factors of b.
3
Let w = 6 - 3. Suppose -4*r + 48 = r + q, -3*r + 36 = -w*q. List the prime factors of r.
2, 5
Let l(k) = -2*k - 4. Let c be l(-3). What are the prime factors of -2 - ((-9)/3 - c)?
3
Let n be 7/((-35)/(-4))*65. Suppose n = 2*t + 4*w, 6*t - 2*t + 4*w - 108 = 0. What are the prime factors of t?
2, 7
Let u(w) be the first derivative of -w**3/3 + 2*w**2 - w - 2. List the prime factors of u(3).
2
Let t(i) = -21*i + 6. Let g(s) = 14*s - 4. Let r(x) = -7*g(x) - 5*t(x). Let k be r(4). Let d = k + -15. What are the prime factors of d?
11
Let x = 13 - 9. Suppose -5*s - 23 + 162 = x*r, 5*r - 113 = -4*s. What are the prime factors of s?
3
Let j be 1 + -3 + -1 + 3. Suppose -m + 0*m - 4*w + 27 = j, -29 = -2*m - 3*w. List the prime factors of m.
7
Suppose 5*h + 1 - 16 = 0. Suppose 5*x - h*x - 12 = 0. Suppose -1 = r - x. List the prime factors of r.
5
Suppose 6*m - 2*m = 916. List the prime factors of m.
229
Suppose 25 = 2*u - t, 0 = -0*u + 4*u + 4*t - 56. What are the prime factors of u?
13
Suppose 0 = -7*l + 9*l - 32. List the prime factors of l.
2
Let l(u) = -39*u - 10. What are the prime factors of l(-3)?
107
Suppose -4*h - 6*m + 192 = -3*m, 4*h - 192 = 2*m. List the prime factors of h.
2, 3
Let q(z) = -z**3 + 8*z**2 - 4*z - 5. Suppose -p = 3 - 6. Let x be (-1 - (3 - p))*-7. What are the prime factors of q(x)?
2
Suppose 16 = -4*o, 5*j + 2*o - 877 = -0*o. What are the prime factors of j?
3, 59
Let w = -32 + 64. What are the prime factors of w?
2
Let u(z) = -23*z - 9. What are the prime factors of u(-13)?
2, 5, 29
Let x(k) = 85*k**2 - 3*k. Let s(u) = 43*u**2 - 2*u. Let c(n) = -5*s(n) + 3*x(n). List the prime factors of c(-1).
3, 13
Let d = 41 + -32. List the prime factors of d.
3
Let o(w) = -2*w**3 - 12*w**2 - 10*w + 8. Let j(s) = -s**3 + s - 1. Let f(u) = -j(u) + o(u). Let l = -15 - -4. What are the prime factors of f(l)?
3
Suppose -w + 2 = -1. Suppose -w*q = 2*f - 102, -4*q + f = -f - 122. Suppose -4*a + 19 = 5*z - 54, 0 = -a - 4*z + q. What are the prime factors of a?
2, 3
Let i be (0 + -3)*(-16)/24. Suppose i*u - 3*m + 25 = 91, 3*u - m = 106. What are the prime factors of u?
2, 3
Suppose 2*x = 3*l - 6, l - 4*x - 4 = -2. Suppose i - l = -m, 18 = 2*m - 5*i + 7. List the prime factors of m.
3
Let i = -40 + 28. Let u be i/9*3/(-2). Suppose -u*l = -6*l + 8. What are the prime factors of l?
2
Suppose -3*x = 3*b - 24, 2*b = 2*x - 0*x + 4. Suppose 105 + 10 = b*t. List the prime factors of t.
23
Let h(c) = c**3 + 21*c**2 + 26*c - 26. List the prime factors of h(-19).
2, 101
Let r(j) = -3*j**3 - j**2 - 3*j - 2. List the prime factors of r(-3).
79
Let l(m) = m + 7. Let j be l(-5). Suppose 0 = -0*n - j*n + 4. Let y = 4 - n. What are the prime factors of y?
2
Let f(h) = -h**3 + 14*h**2 + 2*h - 20. List the prime factors of f(14).
2
List the prime factors of 916/5 + (-18)/90.
3, 61
Let h(c) = -c**2 - 10*c + 8. Suppose -53 = 5*b + 2*j, -3*b - 2*b = j + 49. What are the prime factors of h(b)?
17
Let i = 20 - 12. Let j(a) = a**3 - 7*a**2 - 7*a - 4. List the prime factors of j(i).
2
Let r be 2/(-7) + (-80)/14. Let q(y) = -y + 1 + 0 + 0*y. List the prime factors of q(r).
7
List the prime factors of (4/(-12) + 0)*-63.
3, 7
Let z(d) = 27*d**2 - 2*d - 2. Let y(u) = -53*u**2 + 5*u + 5. Let f(v) = 2*y(v) + 5*z(v). What are the prime factors of f(-1)?
29
Suppose -4*f - 36 = -2*y, 4*y - 56 - 68 = -5*f. List the prime factors of y.
2, 13
Let l(z) = 3*z**2 - 21*z + 13. List the prime factors of l(9).
67
Suppose -o = o + 28. Let f = -9 - o. What are the prime factors of f?
5
Let s = -28 - -84. List the prime factors of s.
2, 7
Let b be ((-3)/((-3)/(-10)))/(-2). Let a(s) = -3 + 3*s - 3 + 0. What are the prime factors of a(b)?
3
Let l = -369 - -141. What are the prime factors of (4/6)/((-8)/l)?
19
Suppose 2*v + 10 = 0, 2*q + 9*v + 3 = 4*v. List the prime factors of q - (1 - 1 - 0).
11
Let l be (1/2)/((-2)/4). What are the prime factors of (l - -6)*(-228)/(-30)?
2, 19
Let z(r) = -13*r + 8. List the prime factors of z(-2).
2, 17
Let z(x) = x + 2. Let y be z(-2). Suppose -2*l + y = -18. List the prime factors of l.
3
Suppose -26 = -5*g + u, -2*g + 0 + 7 = 3*u. Suppose 37 = g*b - 38. List the prime factors of b.
3, 5
Let u be (-2)/((-2)/(-3))*-2. List the prime factors of (-2)/4 + 51/u.
2
What are the prime factors of 171/4 + (-29)/(-116)?
43
Let c(u) be the first derivative of u**6/360 - u**5/40 + u**4/8 - 2*u**3/3 + 2. Let v(t) be the third derivative of c(t). What are the prime factors of v(5)?
13
Suppose 0 = j - 16 + 2. Suppose 11 = 5*c - j. What are the prime factors of c?
5
Let f(k) = k**3 + 5*k**2 + 3*k - 6. List the p